 of 630?
2, 3, 5, 7
List the prime factors of 67088.
2, 7, 599
List the prime factors of 5797.
11, 17, 31
What are the prime factors of 11759?
11, 1069
What are the prime factors of 595?
5, 7, 17
What are the prime factors of 2304?
2, 3
List the prime factors of 33979.
11, 3089
List the prime factors of 1697.
1697
What are the prime factors of 3475?
5, 139
List the prime factors of 39993.
3, 13331
List the prime factors of 7268.
2, 23, 79
List the prime factors of 520.
2, 5, 13
What are the prime factors of 7407?
3, 823
What are the prime factors of 91487?
11, 8317
List the prime factors of 3102.
2, 3, 11, 47
List the prime factors of 9411.
3, 3137
List the prime factors of 12497.
12497
List the prime factors of 20617.
53, 389
List the prime factors of 8603.
7, 1229
What are the prime factors of 607?
607
List the prime factors of 117549.
3, 37, 353
List the prime factors of 8588.
2, 19, 113
List the prime factors of 13155.
3, 5, 877
List the prime factors of 81146.
2, 13, 3121
What are the prime factors of 23699?
13, 1823
What are the prime factors of 266?
2, 7, 19
List the prime factors of 1403.
23, 61
What are the prime factors of 23217?
3, 71, 109
What are the prime factors of 15532?
2, 11, 353
What are the prime factors of 3123?
3, 347
What are the prime factors of 1415?
5, 283
List the prime factors of 135444.
2, 3, 11287
What are the prime factors of 706?
2, 353
What are the prime factors of 354?
2, 3, 59
What are the prime factors of 2401?
7
List the prime factors of 2223.
3, 13, 19
List the prime factors of 97421.
37, 2633
List the prime factors of 25460.
2, 5, 19, 67
What are the prime factors of 4345?
5, 11, 79
What are the prime factors of 2144?
2, 67
What are the prime factors of 100398?
2, 3, 29, 577
What are the prime factors of 3284?
2, 821
List the prime factors of 260.
2, 5, 13
List the prime factors of 3095.
5, 619
What are the prime factors of 2939?
2939
List the prime factors of 98917.
7, 13, 1087
List the prime factors of 4069.
13, 313
What are the prime factors of 625?
5
List the prime factors of 50459.
50459
List the prime factors of 2045.
5, 409
List the prime factors of 2774.
2, 19, 73
What are the prime factors of 975?
3, 5, 13
List the prime factors of 90631.
90631
What are the prime factors of 7838?
2, 3919
List the prime factors of 152140.
2, 5, 7607
What are the prime factors of 1385?
5, 277
What are the prime factors of 570?
2, 3, 5, 19
List the prime factors of 3117.
3, 1039
What are the prime factors of 62549?
62549
List the prime factors of 12481.
7, 1783
List the prime factors of 27397.
27397
List the prime factors of 1020.
2, 3, 5, 17
What are the prime factors of 2535?
3, 5, 13
What are the prime factors of 2474?
2, 1237
What are the prime factors of 910?
2, 5, 7, 13
List the prime factors of 3349.
17, 197
What are the prime factors of 7922?
2, 17, 233
List the prime factors of 10841.
37, 293
What are the prime factors of 53992?
2, 17, 397
List the prime factors of 156.
2, 3, 13
What are the prime factors of 60226?
2, 30113
What are the prime factors of 1841?
7, 263
What are the prime factors of 9368?
2, 1171
List the prime factors of 3642.
2, 3, 607
List the prime factors of 10421.
17, 613
List the prime factors of 415.
5, 83
List the prime factors of 1125.
3, 5
List the prime factors of 990.
2, 3, 5, 11
What are the prime factors of 1604?
2, 401
List the prime factors of 740.
2, 5, 37
What are the prime factors of 98184?
2, 3, 4091
What are the prime factors of 17741?
113, 157
List the prime factors of 769.
769
List the prime factors of 57679.
57679
List the prime factors of 31142.
2, 23, 677
What are the prime factors of 8638?
2, 7, 617
What are the prime factors of 18128?
2, 11, 103
List the prime factors of 12441.
3, 11, 13, 29
List the prime factors of 1385.
5, 277
List the prime factors of 16350.
2, 3, 5, 109
What are the prime factors of 37635?
3, 5, 13, 193
What are the prime factors of 10403?
101, 103
What are the prime factors of 2616?
2, 3, 109
What are the prime factors of 2059?
29, 71
What are the prime factors of 47724?
2, 3, 41, 97
List the prime factors of 6323.
6323
What are the prime factors of 9077?
29, 313
List the prime factors of 787.
787
What are the prime factors of 1828?
2, 457
List the prime factors of 42131.
42131
What are the prime factors of 6014?
2, 31, 97
What are the prime factors of 6183?
3, 229
List the prime factors of 5349.
3, 1783
List the prime factors of 60416.
2, 59
List the prime factors of 879.
3, 293
List the prime factors of 3316.
2, 829
List the prime factors of 4182.
2, 3, 17, 41
What are the prime factors of 950?
2, 5, 19
List the prime factors of 60026.
2, 30013
What are the prime factors of 4577?
23, 199
List the prime factors of 12200.
2, 5, 61
What are the prime factors of 716?
2, 179
What are the prime factors of 29501?
29501
What are the prime factors of 4778?
2, 2389
What are the prime factors of 64710?
2, 3, 5, 719
What are the prime factors of 14553?
3, 7, 11
What are the prime factors of 30777?
3, 10259
What are the prime factors of 159?
3, 53
What are the prime factors of 7371?
3, 7, 13
What are the prime factors of 27286?
2, 7, 1949
List the prime factors of 126994.
2, 7, 47, 193
What are the prime factors of 957?
3, 11, 29
What are the prime factors of 50526?
2, 3, 7, 401
What are the prime factors of 1700?
2, 5, 17
List the prime factors of 1127.
7, 23
What are the prime factors of 1598?
2, 17, 47
What are the prime factors of 854?
2, 7, 61
List the prime factors of 57246.
2, 3, 7, 29, 47
List the prime factors of 52007.
131, 397
List the prime factors of 9242.
2, 4621
What are the prime factors of 31859?
31859
What are the prime factors of 7407?
3, 823
What are the prime factors of 964?
2, 241
What are the prime factors of 6?
2, 3
What are the prime factors of 79095?
3, 5, 5273
List the prime factors of 7689.
3, 11, 233
List the prime factors of 24714.
2, 3, 1373
List the prime factors of 3794.
2, 7, 271
List the prime factors of 21175.
5, 7, 11
List the prime factors of 8677.
8677
What are the prime factors of 581?
7, 83
List the prime factors of 61752.
2, 3, 31, 83
List the prime factors of 8448.
2, 3, 11
List the prime factors of 33365.
5, 6673
What are the prime factors of 173169?
3, 71, 271
List the prime factors of 80388.
2, 3, 7, 11, 29
What are the prime factors of 13250?
2, 5, 53
What are the prime factors of 136?
2, 17
List the prime factors of 12094.
2, 6047
List the prime factors of 5124.
2, 3, 7, 61
What are the prime factors of 17204?
2, 11, 17, 23
What are the prime factors of 61021?
139, 439
List the prime factors of 5948.
2, 1487
What are the prime factors of 2554?
2, 1277
What are the prime factors of 2244?
2, 3, 11, 17
List the prime factors of 48282.
2, 3, 13, 619
List the prime factors of 15560.
2, 5, 389
List the prime factors of 474.
2, 3, 79
List the prime factors of 81721.
71, 1151
What are the prime factors of 14476?
2, 7, 11, 47
What are the prime factors of 56598?
2, 3, 9433
List the prime factors of 52837.
52837
What are the prime factors of 3548?
2, 887
List the prime factors of 20589.
3, 6863
List the prime factors of 90201.
3, 107, 281
List the prime factors of 40.
2, 5
List the prime factors of 23286.
2, 3, 3881
What are the prime factors of 1123?
1123
What are the prime factors of 2447?
2447
List the prime factors of 1710.
2, 3, 5, 19
What are the prime factors of 1807?
13, 139
List the prime factors of 1766.
2, 883
What are the prime factors of 715?
5, 11, 13
List the prime factors of 1250.
2, 5
What are the prime factors of 14785?
5, 2957
List the prime factors of 1084.
2, 271
List the prime factors of 15499.
11, 1409
What are the prime factors of 4658?
2, 17, 137
List the prime factors of 1260.
2, 3, 5, 7
List the prime factors of 92902.
2, 46451
List the prime factors of 40229.
7, 821
What are the prime factors of 48170?
2, 5, 4817
What are the prime factors of 38484?
2, 3, 1069
List the prime factors of 6452.
2, 1613
What are the prime factors of 1317?
3, 439
What are the prime factors of 1447?
1447
What are the prime factors of 31716?
2, 3, 881
What are the prime factors of 5418?
2, 3, 7, 43
List the prime factors of 12781.
12781
What are the prime factors of 11147?
71, 157
What are the prime factors 